me factors of p.
2, 3
Let y(r) = -6*r**2 + 1. Let v be y(-1). Let o = 1 - v. List the prime factors of o.
2, 3
Suppose 0*s = 5*s - 60. Let c be 0/(2 - 3) - -2. Suppose v - c*v = -s. What are the prime factors of v?
2, 3
Let q = 7 + -4. Suppose -4*l = -20, -q*l - 69 = -4*u - 4*l. List the prime factors of u.
2
Suppose -33 = -6*g + 9. List the prime factors of g.
7
Suppose 0 = 3*f + 6 - 36. Suppose -f*r + 74 = -8*r. List the prime factors of r.
37
Let j(s) be the third derivative of s**4/24 - s**2. Let k = 5 - -1. What are the prime factors of j(k)?
2, 3
Let z(h) = 2*h**2 + 3*h - 4. Let l be z(-3). Suppose -4*p = 4*y - 24, 2*p = -3*p + l*y + 30. What are the prime factors of p?
2, 3
Suppose -24 = -3*k - 4*d, 5*d + 14 = -4*k + 46. Suppose 5*v - 3*c = 49, -c = -v + 1 + k. List the prime factors of v.
11
Suppose q + 1 - 3 = -l, 2*l - 1 = -3*q. List the prime factors of q*(-1)/((-3)/(-9)).
3
Let k = -76 - -145. Suppose 5*p + 5*z = 35, 5*p - 5*z = 16 + k. List the prime factors of p.
2, 3
Let c(u) = u**2 + 6*u + 4. Let m be c(-6). Suppose -2*w = m*l - 18, 0 = -3*l + 3*w - 0 + 9. Suppose 6*b = l*b + 24. What are the prime factors of b?
2, 3
Let t = 0 + 18. List the prime factors of t.
2, 3
Suppose -184 = -4*s - 5*h - 0*h, 3*s - 138 = -3*h. Let g = s - 33. What are the prime factors of g?
13
Let k(f) = 17*f - 7 + 0 - 5 - f**2 - 2. What are the prime factors of k(14)?
2, 7
Let k = 55 - 26. Suppose -5*b + k = -131. List the prime factors of b.
2
Let l(z) be the second derivative of -z**3/3 + 5*z**2 + 4*z. What are the prime factors of l(4)?
2
Suppose 4*v + y = 15, 4*y = -5*v + 4 + 23. Suppose v*x = -2*p + 42 + 10, 5*x - 78 = -3*p. What are the prime factors of p?
2, 13
Suppose -4*l - d = -0*d - 485, 12 = -4*d. What are the prime factors of l?
2, 61
Suppose -8*o + 3*o + 215 = 0. Let b = o + -24. List the prime factors of b.
19
Suppose -2*g = -4*g + 6. Suppose -g*t = 2*n + 70, -5*n - 54 = -t + 3*t. Let r = t - -41. List the prime factors of r.
19
Suppose -47 = -h + 11. What are the prime factors of h?
2, 29
Suppose -9 = 6*f - 33. Suppose 2*k + 74 = f*k. List the prime factors of k.
37
Suppose -82 - 32 = -3*d. List the prime factors of d.
2, 19
Let t(r) = -11*r**2 - 1. Let k be t(-1). Suppose 0 = 6*b - b - 140. Let w = b + k. What are the prime factors of w?
2
Suppose -4*z = -0*z - d - 275, -5*d + 305 = 4*z. What are the prime factors of z?
2, 5, 7
Let i(k) = -2*k + 5. Let a be i(-9). Suppose -104 = 3*m - a. Let v = -18 - m. List the prime factors of v.
3
Suppose -2*h + 8 = -4. Suppose -2*t = 2*c - h*c - 104, 2*t = -c + 129. Suppose 5*l - 3*w = -0*w + t, 4*w + 16 = 0. List the prime factors of l.
2, 5
Suppose n + 3 = 1. Let p be (-2 + -2)/(4/n). Suppose 2*g - 2*t = 20, 4*g - 46 + p = 3*t. List the prime factors of g.
2, 7
Let l be ((-4)/(-10))/(5/50). Suppose l*b + 0*f - 4*f = 28, b - 2*f = 3. What are the prime factors of b?
11
Let s be (-1)/3*-3 + 19. Let a be ((-10)/8)/((-1)/(-8)). Let k = a + s. List the prime factors of k.
2, 5
Let l = 28 + -13. Let j = 25 - l. List the prime factors of j.
2, 5
List the prime factors of (58/6)/((-1)/(-3)).
29
Let a(w) = 3*w**2 - 7*w - 1. List the prime factors of a(-5).
109
Let s be 5/((-15)/(-2))*1224/16. Suppose -4 = -5*y + 3*y. Suppose -5*p + 85 = -v, -y*p + s = p + v. List the prime factors of p.
17
Let b(v) = v**2 - 3*v - 6. Let i be b(6). Let d = -13 + 18. Suppose x = d*x - i. What are the prime factors of x?
3
Let d(p) = p**2 + 3*p + 1. Let f(n) = n - 2. Let r be f(-3). What are the prime factors of d(r)?
11
Let f(o) = o**2 - 11*o + 6. Let p be f(7). Let x = p - -36. List the prime factors of x.
2, 7
Suppose 0 = 15*b - 820 - 1355. What are the prime factors of b?
5, 29
Let b(r) = -221*r + 6. What are the prime factors of b(-1)?
227
Suppose -2*n = -4*q - 310, 2*n - 7*n + 807 = -2*q. List the prime factors of n.
163
Suppose 36 - 6 = 3*g - 3*d, 0 = 3*g - 4*d - 35. Suppose g*s = 26 + 24. What are the prime factors of s?
2, 5
Let k(g) = -g**2 - 7*g + 4. Let a be k(-7). Suppose 0 = a*u - 3*f - 13, -5*u - 5*f = -f - 24. List the prime factors of u.
2
Let x(v) = -v**3 + 9*v**2 + v - 9. Let u be x(9). Suppose u = 2*n - 6*n. Suppose -2*z + 80 = 3*z - s, 4*s = n. List the prime factors of z.
2
What are the prime factors of 36 + 2 - (0 + 3)?
5, 7
Let k be 6/21 - (-66)/14. Let a = k + -3. Suppose 0*g + 4 = a*g. List the prime factors of g.
2
Suppose d + 2*d - 9 = 0. Suppose -x = 2 + d. Let r = -1 - x. What are the prime factors of r?
2
Let x(h) = 5*h**2 - h**2 + 4 + 0*h**2 - 7*h - 2*h**2. List the prime factors of x(4).
2
List the prime factors of (-140)/(-3) - (-4)/3.
2, 3
Let j = 5 + 3. List the prime factors of j/48 - 46/(-12).
2
Let h(l) = l**3 + 3*l**2 + 3*l. Let a be h(-2). What are the prime factors of (-20)/a - (0 - 0)?
2, 5
Let g = 13 - -47. What are the prime factors of g?
2, 3, 5
Suppose -3*i + 14 = -2*i + 4*u, 2*u + 2 = 0. List the prime factors of i.
2, 3
Suppose 4*b + 2*z + 42 = 0, 5*b - 2*b = 2*z - 28. Let k(v) = v**3 + 11*v**2 + 8*v - 12. List the prime factors of k(b).
2
Suppose 2*i = 3*q - 227, -3*q + 278 - 31 = 2*i. Let f = q + -51. What are the prime factors of f?
2, 7
Let z be 11/2 - 10/(-20). Suppose -z*p + 5*p + j = -33, 4*j = -3*p + 64. What are the prime factors of p?
2, 7
Suppose 2*u - 300 = -5*z + 4*z, -3*z = 3*u - 444. Suppose -4*n + 3*i - i + u = 0, -124 = -3*n + 4*i. List the prime factors of n.
2, 3
Let j(g) = 8*g - 1. What are the prime factors of j(7)?
5, 11
Let s(c) = -c**3 + 12*c**2 - c + 17. Let w be s(12). Suppose 95 - 12 = 4*l - w*i, 42 = 3*l + 3*i. List the prime factors of l.
17
Let j(v) = 23*v - 4. List the prime factors of j(2).
2, 3, 7
Suppose 0 = -2*x + 8, -3*c + 5*x - 34 = -4*c. List the prime factors of (-21)/c*52/(-6).
13
What are the prime factors of 0 + 39 + -4 - 2?
3, 11
Let v = 161 + -90. List the prime factors of v.
71
Suppose -4*t - 3*b + 128 = 0, 2*t - 64 = 5*b - 0*b. What are the prime factors of t?
2
Suppose 58*m - 55*m - 147 = 0. List the prime factors of m.
7
List the prime factors of -9*(3 + (-39)/9).
2, 3
Let b(h) = -h + 7. Let g be b(3). List the prime factors of 1/1*(-1 + g).
3
Let a = -34 - -99. What are the prime factors of a?
5, 13
Let r be 0/((-2 - -6)/2). Suppose -4 = j - r. List the prime factors of ((-6)/(-2))/(-3)*j.
2
Let l be 2*1*45 + -2. Suppose 0*o + l = -4*o. Let a = -15 - o. List the prime factors of a.
7
Suppose k - 4 = 1. Suppose -2*f = -z - 4*f - 11, 0 = k*z + 3*f + 27. Let s(w) = -w**3 - w**2 + 4*w + 4. What are the prime factors of s(z)?
2, 5
Let h(j) = -j**3 - 5*j**2 + 6*j + 5. Let k be h(-6). Suppose p + 4*p + k = 0, -5*m + 98 = -3*p. List the prime factors of m.
19
Suppose 61 - 244 = -3*i. What are the prime factors of i?
61
Let r(m) = m**3 + 14*m**2 + 25*m + 3. What are the prime factors of r(-8)?
11, 17
Suppose -4*x - 13 = -2*w + 3, 5*w + 4*x - 12 = 0. What are the prime factors of w?
2
Suppose 2*t = -10, 0 = -u - 0*t - t + 15. Let m = u + 2. List the prime factors of m.
2, 11
Suppose -5*y - 6 + 1 = -2*a, -1 = -y. List the prime factors of a.
5
Let n(s) = -2*s**3 - 5*s**2 - 10*s - 9. What are the prime factors of n(-4)?
79
Suppose 2*q - 113 = 7. List the prime factors of 60/25*q/9.
2
Let i(d) = 5*d + 4. Let a be i(6). Suppose 5*k + 7 + 2 = h, -2*h - 17 = -3*k. Let m = h + a. List the prime factors of m.
2, 3
Suppose -l - 8 = -4*m + 23, -5*m + 44 = 4*l. List the prime factors of m.
2
Let i(t) = 30*t + 1. Let d be 24/(-20) + (-2)/(-10). Let k be i(d). Let x = -18 - k. What are the prime factors of x?
11
Suppose -3*u = 7*s - 2*s - 552, -u - 1 = 0. List the prime factors of s.
3, 37
Let h(j) = 2*j + 25. What are the prime factors of h(7)?
3, 13
Suppose k + 4*m - 62 = 0, 3*m + 0*m = -k + 66. Suppose -2*u - 4 = -k. List the prime factors of u.
37
Let y(r) = -4*r - 8. Let c(t) = -4*t - 9. Let u(b) = -3*c(b) + 4*y(b). Let g be u(4). Let j = -12 - g. What are the prime factors of j?
3
Let b be ((-2)/6)/((-3)/45). Let x(h) = h**3 - 5*h**2 + 4*h - 7. What are the prime factors of x(b)?
13
Let h be -1 + 1 + 1 + 0. Let n be h*4 - (0 - 1). Suppose n*l - 13 = 2*l + 2*g, 0 = -2*l + g + 8. List the prime factors of l.
3
Suppose 4*m + 212 = -400. Let i be (m/(-6))/((-3)/(-4)). Suppose 4*f - 4*q = 2 + i, -4*q + 63 = 5*f. What are the prime factors of f?
